) - 22.
-22
(-16 - (15 - 12) - -13) + -1 + 0
-7
-35 + (110 - 89) + (-2 - -2 - 13)
-27
0 + 1 + 74 + -29 + 95 + -84
57
16 - ((14 - 3) + -1) - (-15 + -44)
65
What is 4 - (-17 - -7) - -4 - 42?
-24
(3 - 27 - -37) + 36
49
Calculate -16 - -26 - ((5 - (-2 + 4)) + -1 + -38).
46
-4 - (49 + 6) - (32 + -27 - (3 + -2))
-63
What is the value of 138 - (33 + 12 + -41 - -21)?
113
8 - (72 + -30 - (-2 - (-11 + 7)))
-32
Calculate -13 + (7 - (165 + -33)) + (5 - 0) - 6.
-139
What is the value of (-3 - (70 + -59)) + -9?
-23
Calculate (-58 + 47 - -31) + 6 + 29.
55
Calculate (934 - 849) + -79 + -3.
3
What is -31 - (2 + -4 - (14 + (17 - 31) + 7))?
-22
What is the value of -56 - (145 + -74 - -27)?
-154
Calculate -11 + -54 + 42 + 12.
-11
What is 51 - ((38 - 81) + 68)?
26
Calculate (-26 - 59 - 15) + 64.
-36
-337 + 330 + (-6 - 13)
-26
-31 + 45 + (15 - -8) - (-1 + 6)
32
Evaluate (-29 + 49 - (-3 - 2) - 6) + 3.
22
61 + (-94 - -67) + 75
109
What is -41 - 0 - (9905 - 9998)?
52
What is (-19 - (-82 - -46)) + 1 + 4?
22
Evaluate 26 - (43 + -35 + 0 + -51).
69
What is -29 - 1 - (3469 + -3479)?
-20
What is (1 - (-13 + 30)) + -9 + 1 + -3?
-27
What is 51 + (106 + -72 - 28)?
57
What is the value of -17 + (74 + -83 - (-7 + -9) - -1)?
-9
What is -10 - (0 + -2 + 9 + (1 + 28 - 125))?
79
Evaluate (-18 - 2 - 9) + 9 - 29.
-49
Calculate 15 - (6 + (-66 - -38)).
37
25 - 12 - -7 - -31
51
Calculate -86 - (-73 - (0 - -9)).
-4
24 + -27 + (9 - (-29 - -15))
20
Evaluate (-83 - (-131 - -91)) + 2 + 17.
-24
1 + -5 + 4 - (244 + -247)
3
Evaluate -53 - ((-19 - 9) + -41).
16
27 + -98 + 30 + -35 + 2
-74
45 + -60 + 27 - 40
-28
Calculate -10 - (-2 - 52 - -5).
39
(1247 - 1233) + -49 + 1
-34
Calculate -65 + 72 - (8 - 0 - (1 - -1)).
1
13 - (-3 + -1 + 7) - 21
-11
What is the value of (-6 - 53) + (14 - (-1 + -5))?
-39
Calculate 34 + 0 + -1 - (55 - (-27 - -94)).
45
Evaluate 410 + -366 + -13 + (3 - 7).
27
-22 + (-3 - -4) + 10 + (-15 - (4 - 18))
-12
What is 41 + -18 - (8 - (6 - (4 - 5)) - -9)?
13
What is the value of (26 - -86) + -144 + 1 + 38?
7
What is the value of 16 - (-51 - (-24 - 8))?
35
What is -7 - (0 - 1) - (-220 + (24 - -185))?
5
What is the value of (-44 - (24 - 52)) + (-15 - 1)?
-32
Evaluate 2764 + -2711 + (4 - 107).
-50
What is (26 - (8 - 11)) + 154 + -200?
-17
Evaluate (2 - -3) + (35 - -15 - (1 + 10)).
44
(24 - (-196 - -196)) + -4 + 0
20
Calculate -20 - -76 - 54 - ((-1 - 3) + 2 - 76).
80
Evaluate (-30 - -17 - -15) + -4.
-2
(-30 - -48 - 62) + 0 + (0 - (-2 + 4))
-46
What is 24 + 2 - -5 - (6 + 10) - -27?
42
What is 36 - (-15 + 13) - (15 - -3)?
20
What is (2 + (1 - 17) - (1760 + -1719)) + -4 + 1?
-58
What is 49 + (48 - (-12 - -33))?
76
What is the value of -1 - -10 - (-62 + (-18 - -39) + 33)?
17
-24 + (-4 - (15 + -31)) + 0 + -37
-49
What is the value of 29 - (-4 - -20 - -28)?
-15
What is the value of (24 - 108) + 11 + (16 - 9 - 2)?
-68
What is -23 + 11 - -13 - (-13 - (4 - -1))?
19
42 + (-3 - -10 - 0 - (-85 - -108))
26
What is (1 - -3) + (-72 - (23 - 11) - -33)?
-47
Evaluate 9 - (-254 - -290 - (5 - 2)).
-24
14 + (-20 + -2 - -34) + 0
26
Evaluate 15 - ((-1142 - -1237) + 1 + -11).
-70
-6 + -12 - (20 - (8 + 29)) - -7
6
Calculate -60 - (4 - (-23 + 7 + 12) - (7 - 9)).
-70
What is the value of (-81 - -32) + -197 + 183?
-63
What is -4 - (5 + 0 + -1 + (-85 - -109))?
-32
Calculate (-59 - -6) + 40 + -28.
-41
What is (35 - 76 - (-38 + 2)) + 53?
48
What is the value of -2 + -6 - (14 - 4 - (19 + -13))?
-12
What is 14 + (-34 - -50) + -70?
-40
Calculate 1 - (-23 + 16) - (-4 + 2) - 27.
-17
Calculate -3 - (-78 - -135) - -111.
51
-12 + 35 - (-7 + (4 - -10)) - 98
-82
What is ((1 - -1) + (1 - 7) - (105 + -103)) + 33?
27
Calculate (-170 - -181 - -105) + -19 + (3 - 1).
99
-37 - (-56 - (-41 - 59))
-81
Calculate 10 - (-15 + 9) - (3 - -8) - 26.
-21
What is 1 - -7 - (-43 + (-13 - (-45 - -16) - 1))?
36
What is (-2 - (16 - 4)) + -902 + 898?
-18
40 - (12 + -9 + (-14 - -8))
43
Calculate (-9 - 258) + (586 - 441).
-122
14 + -29 + 12 - (1 + -11 + 4) - -28
31
Calculate 2207 - 2205 - (2 - (8 + 1) - -2).
7
-4 - 8 - (-165 - -118)
35
1 - (25 + -15 - 12 - -18)
-15
What is 0 + -25 + 20 + 13 - (4 + 79 + 0)?
-75
1517 + -1475 - (66 - -1)
-25
Calculate (-86 - -66) + -21 + 16.
-25
-68 + -28 + (-23 - -8 - -7 - 16)
-120
Calculate 52 + (3 + -3 - 1) - (46 + -200 + 141).
64
What is 3 + (-14 - -6) + (-1 - -3) - 38?
-41
16 + (-61 - (-61 - -16)) + 7 + -3 + -116
-112
Calculate 41 + 7 + 8 + 5 + -13 + 8.
56
-103 + 13 + 74 + -38
-54
What is the value of -1 - 1 - -20 - (1003 + -1019)?
34
(1 - -3) + 1 + (111 - (97 + 118))
-99
Evaluate -47 - (64 + -53 + -7).
-51
Calculate -14 + (2 - -6) - (31 + 0 + -4 + -1).
-32
Evaluate 1 + 11 + 7 + -135 + 161.
45
Calculate 46 - (15 + (-32 - -8) - (-2 - 4)).
49
What is the value of 33 - (-56 + 7 + -5 + -38)?
125
What is 3 + -2 + -46 - (456 - 459)?
-42
Calculate 28 - 11 - 18 - 29 - -86.
56
What is 32 + 1 - (-95 - -114)?
14
Calculate (51 + -6 - 63) + 68.
50
Evaluate 50 + -28 + 10 + -39.
-7
-76 + 61 - -50 - -16
51
Calculate 121 + (30 - 29 - (1 - (-5 - (-11 - -5)))).
122
What is -18 - (38 + -35 + -5 - 19)?
3
Calculate 630 + -666 + (1 - 7).
-42
What is the value of (-30 + -10 - -21) + 12 + -18?
-25
Evaluate -115 - -151 - (18 - 17).
35
What is the value of (1 - -25) + 164 + -296 + 109?
3
Calculate (128 - (204 - 50)) + 11.
-15
Evaluate -23 + -87 + 83 - (-9 + (-2 - -4)).
-20
What is -115 + 150 - 87 - -109?
57
Calculate -59 + -1 - (16 + 95 + -131).
-40
Calculate (-27 + -3 + 12 - 17) + (-1 - 9).
-45
Calculate (37 - (79 + -29)) + (-1 - -28).
14
Calculate (124 + -19 - -27) + -60.
72
What is the value of -65 + -29 + 32 - -22?
-40
Calculate -2 + 5 + (302 - 216 - (1 - 0 - -4)).
84
122 - 39 - (28 - (-3 - -3))
55
Calculate (-18 - (-5 - -1) - (-65 - -46)) + 40.
45
What is -127 + (-148 - -205 - -25)?
-45
-18 + (0 - (48 - 58 - (-6 - 1)))
-15
Calculate 19 + -6 + (-8 - (-34 - -5)) - 12.
22
What is the value of (51 - ((1 - -21) + -1 + (-15 - -4))) + -1?
40
38 + 11 + (0 - 13 - 3) + (-6 - -14)
41
Evaluate (-152 - (-121 + 99)) + 103.
-27
Calculate (15 + -4 + 2 - 21 - (-4 - -3)) + 37.
30
Evaluate -59 + (-30 - -24) - (-3 - (-6 - -9)).
-59
What is 9 + ((-5 - (-4 - -21)) + 14 - -74)?
75
Evaluate (26 - (88 - 86)) + (-42 - 0).
-18
Calculate 60 - (-50 + 141) - -7.
-24
-516 - -479 - (3 + -55)
15
What is -2 + (0 + 4 - (21 - 19)) + (-4569 - -4515)?
-54
(48 - 49) + ((23 - 72) + -1 - (6 + -2))
-55
What is (21 - (-22 + 61)) + -2 - 25?
-45
Calculate -36 - (-21 + 60 + (-43 - -10)).
-42
Evaluate (-25 - (-75 - -48)) + (-1 - -23) + 5.
29
What is the value of 16 + -23 + 0 + 6 + 5 + 100?
104
Evaluate 6 + 0 - (-309 + 353) - 12.
-50
Evaluate (1 + -2 - -7) + -10 + 15 + -21 - -23.
13
What is -2 - -2 - (12 + -1 - (-61 + (-23 - -73)))?
-22
What is 56 + -33 + (-1 - -21) - 2?
41
(927 - 817) + (-73 - -4)
41
What is the value of 12 - (0 + 14 - ((49 - 130) + -29))?
-112
What is -8 - (7 + 7) - -32 - (-1 - -58)?
-47
12 + -54 + (28 - -3)
-11
What is the value of -71 + 5 - (-14 + -13 - -26) - 0?
-65
Evaluate (38 - 76) + 64 + -36.
-10
Evaluate -8 - (2 + 50) - 6.
-66
What is -105 - (-12 + 31 - -5 - 32)?
-97
(-573 - -500) + (-14 - -217)
130
8 + -2 + 0 + (19 - -37 - 94)
-32
What is the value of (-4 - (15 + (-1 - 0) + -13)) + -61 + -1?
-67
12 + (-17 - -11 - 31) + 0 - 0
-25
What is the value of -12 - (-28 - -3 - 3 - -7)?
9
-53 + -10 + 11 + 5 + (141 - 166)
-72
Evaluate 55 + (-6 + 9 - 6 - 2) + -19 + 13.
44
What is (22 - (-44 - -31) - 4) + (-2 - 1)?
28
What is 23 + (16 - (13 - 6)) - 102?
-70
(-310 - -295) + (-1 - -65) + (11 - 10)
50
What is (19 - 43) + 24 + (-31 - 2 - 3)?
-36
Calculate 13 + 21 + -51 + 8 + 117 - -24.
132
Evaluate (-7 + 31 - 9 - 1) + 7 - 2 - -4.
23
Calculate (-4 - -77) + (-100 - -43).
16
131 - 132 - (-3 + (42 - (4 - 2)))
-38
Evaluate -2 - (-2 + 11 + (51 - 70) + -29).
37
(114 - 14) + (-269 - -180)
11
(8 - 5) + -45 + 150
108
What is the value of 31 - 5 - (25 - (-4 - 25))?
-28
0 + (2 + -16 - -33) + 22
41
What is 71 + -1 + (-7566 - -7575)?
79
Evaluate (-55 + 28 - -38) + 16.
27
What is 3 + -26 - (-13 - 2 - (179 - 181))?
-10
What is the value of 6 - 14 - (-98 - -106)?
-16
Evaluate (-42 - (16 - 12 - -4)) + (-8 - -13).
-45
Calculate 3232 - 3116 - (1 - -79).
36
Evaluate 54 + -19 + (35 - 6) + (0 - 0).
64
What is the value of (-1 - 42) + (509 - 470)?
-4
Calculate -1 + -6 + 15 + 10 + 22.
40
What is 